{"id":6376,"date":"2018-03-10T02:53:56","date_gmt":"2018-03-10T01:53:56","guid":{"rendered":"http:\/\/clubnatacionboadilla.es\/?page_id=6376"},"modified":"2025-03-20T10:20:22","modified_gmt":"2025-03-20T09:20:22","slug":"natacion-master-2","status":"publish","type":"page","link":"https:\/\/clubnatacionboadilla.es\/?page_id=6376","title":{"rendered":"Nataci\u00f3n y Waterpolo M\u00e1ster"},"content":{"rendered":"<p style=\"text-align: justify;\"><span style=\"color: #ffffff;\">Si ya no eres un jovenzuelo pero quieres disfrutar de la nataci\u00f3n o el waterpolo con entrenos de buena intensidad en un ambiente distendido, puedes incorporarte a nuestro grupo de <\/span> <strong><span style=\"color: #ffff00;\">Nataci\u00f3n y Waterpolo M\u00e1ster<\/span><\/strong><span style=\"color: #ffffff;\">.<\/span><\/p>\n<p style=\"text-align: justify;\"><span style=\"color: #ffffff;\">Entrenamos de octubre a junio, realizando&nbsp;tres sesiones semanales de dos horas dirigidas por nuestros t\u00e9cnicos para que mejores f\u00edsica y t\u00e9cnicamente en cada entreno.<\/span><\/p>\n<p style=\"text-align: justify;\"><span style=\"color: #ffffff;\">Da igual que seas exnadador, exjugador o que simplemente hayas descubierto la pasi\u00f3n por los deportes acu\u00e1ticos tras haber pasado por otras disciplinas. Ven a probar y seguro que te quedas con nosotros.<\/span><\/p>\n<h5 style=\"padding-left: 30px;\"><a href=\"https:\/\/clubnatacionboadilla.es\/?page_id=6222\">Documentaci\u00f3n M\u00e1ster<\/a><\/h5>\n<p><span style=\"color: #2e5fb8;\">.<\/span><br \/>\n<a href=\"https:\/\/clubnatacionboadilla.es\/?page_id=1581\"><img decoding=\"async\" loading=\"lazy\" class=\"aligncenter size-full wp-image-6600\" src=\"http:\/\/clubnatacionboadilla.es\/wordpress\/wp-content\/uploads\/2025\/03\/MASTER-nat-wp.jpg\" alt=\"\" width=\"1000\" height=\"326\"><\/a><\/p>\n","protected":false},"excerpt":{"rendered":"<p>Si ya no eres un jovenzuelo pero quieres disfrutar de la nataci\u00f3n o el waterpolo con entrenos de buena intensidad en un ambiente distendido, puedes incorporarte a nuestro grupo de Nataci\u00f3n y Waterpolo M\u00e1ster. Entrenamos de octubre a junio, realizando&nbsp;tres sesiones semanales de dos horas dirigidas por nuestros t\u00e9cnicos para que mejores f\u00edsica y t\u00e9cnicamente [&hellip;]<\/p>\n","protected":false},"author":20,"featured_media":0,"parent":5644,"menu_order":4,"comment_status":"closed","ping_status":"closed","template":"","meta":[],"_links":{"self":[{"href":"https:\/\/clubnatacionboadilla.es\/index.php?rest_route=\/wp\/v2\/pages\/6376"}],"collection":[{"href":"https:\/\/clubnatacionboadilla.es\/index.php?rest_route=\/wp\/v2\/pages"}],"about":[{"href":"https:\/\/clubnatacionboadilla.es\/index.php?rest_route=\/wp\/v2\/types\/page"}],"author":[{"embeddable":true,"href":"https:\/\/clubnatacionboadilla.es\/index.php?rest_route=\/wp\/v2\/users\/20"}],"replies":[{"embeddable":true,"href":"https:\/\/clubnatacionboadilla.es\/index.php?rest_route=%2Fwp%2Fv2%2Fcomments&post=6376"}],"version-history":[{"count":18,"href":"https:\/\/clubnatacionboadilla.es\/index.php?rest_route=\/wp\/v2\/pages\/6376\/revisions"}],"predecessor-version":[{"id":7577,"href":"https:\/\/clubnatacionboadilla.es\/index.php?rest_route=\/wp\/v2\/pages\/6376\/revisions\/7577"}],"up":[{"embeddable":true,"href":"https:\/\/clubnatacionboadilla.es\/index.php?rest_route=\/wp\/v2\/pages\/5644"}],"wp:attachment":[{"href":"https:\/\/clubnatacionboadilla.es\/index.php?rest_route=%2Fwp%2Fv2%2Fmedia&parent=6376"}],"curies":[{"name":"wp","href":"https:\/\/api.w.org\/{rel}","templated":true}]}}