{"id":6612,"date":"2018-06-15T23:46:49","date_gmt":"2018-06-15T22:46:49","guid":{"rendered":"http:\/\/clubnatacionboadilla.es\/?page_id=6612"},"modified":"2018-06-15T23:52:35","modified_gmt":"2018-06-15T22:52:35","slug":"ceifc-2018-normativa-rfen","status":"publish","type":"page","link":"http:\/\/clubnatacionboadilla.es\/?page_id=6612","title":{"rendered":"CEIFC 2018 &#8211; Normativa RFEN"},"content":{"rendered":"<p><span style=\"color: #ffff00;\"><strong><em>CAMPEONATO DE ESPA\u00d1A DE WATERPOLO INFANTIL FEMENINO POR CLUBES 2018<\/em><\/strong><\/span><br \/>\n<span style=\"color: #2e5fb8;\">.<\/span><\/p>\n<p style=\"text-align: justify;\"><span style=\"color: #ffffff;\">Conoce la normativa spec\u00edfica de competici\u00f3n publicada en la web RFEN:<\/span><\/p>\n<h5 style=\"padding-left: 30px;\"><a href=\"http:\/\/www.rfen.es\/publicacion\/userfiles\/WP-16-Infantil%20femenino%20CLUBES%202017-2018(2).pdf\" target=\"_blank\">Normativa RFEN CEIFC 2018<\/a><\/h5>\n","protected":false},"excerpt":{"rendered":"<p>CAMPEONATO DE ESPA\u00d1A DE WATERPOLO INFANTIL FEMENINO POR CLUBES 2018 . Conoce la normativa spec\u00edfica de competici\u00f3n publicada en la web RFEN: Normativa RFEN CEIFC 2018<\/p>\n","protected":false},"author":20,"featured_media":0,"parent":6521,"menu_order":6,"comment_status":"closed","ping_status":"closed","template":"","meta":[],"_links":{"self":[{"href":"http:\/\/clubnatacionboadilla.es\/index.php?rest_route=\/wp\/v2\/pages\/6612"}],"collection":[{"href":"http:\/\/clubnatacionboadilla.es\/index.php?rest_route=\/wp\/v2\/pages"}],"about":[{"href":"http:\/\/clubnatacionboadilla.es\/index.php?rest_route=\/wp\/v2\/types\/page"}],"author":[{"embeddable":true,"href":"http:\/\/clubnatacionboadilla.es\/index.php?rest_route=\/wp\/v2\/users\/20"}],"replies":[{"embeddable":true,"href":"http:\/\/clubnatacionboadilla.es\/index.php?rest_route=%2Fwp%2Fv2%2Fcomments&post=6612"}],"version-history":[{"count":4,"href":"http:\/\/clubnatacionboadilla.es\/index.php?rest_route=\/wp\/v2\/pages\/6612\/revisions"}],"predecessor-version":[{"id":6620,"href":"http:\/\/clubnatacionboadilla.es\/index.php?rest_route=\/wp\/v2\/pages\/6612\/revisions\/6620"}],"up":[{"embeddable":true,"href":"http:\/\/clubnatacionboadilla.es\/index.php?rest_route=\/wp\/v2\/pages\/6521"}],"wp:attachment":[{"href":"http:\/\/clubnatacionboadilla.es\/index.php?rest_route=%2Fwp%2Fv2%2Fmedia&parent=6612"}],"curies":[{"name":"wp","href":"https:\/\/api.w.org\/{rel}","templated":true}]}}